{"id":31,"date":"2018-10-25T14:50:25","date_gmt":"2018-10-25T14:50:25","guid":{"rendered":"http:\/\/bertoldocontabilidade.com.br\/index.php\/one-page-express\/"},"modified":"2021-02-17T14:31:48","modified_gmt":"2021-02-17T14:31:48","slug":"one-page-express","status":"publish","type":"page","link":"https:\/\/bertoldocontabilidade.com.br\/","title":{"rendered":"Principal"},"content":{"rendered":"<div id=\"overlapable-2\" class=\"features-coloured-icon-boxes-section\" style=\"background-color: #ffffff;\" data-label=\"Overlapable\" data-id=\"stripped-coloured-icon-boxes\" data-category=\"overlapable\" data-overlap=\"true\">\n<div class=\"\">\n<div class=\"features-coloured-icon-boxes-innerrow flexbox-list dark-text\" data-type=\"row\">\n<div class=\"features-coloured-icon-boxes-featurecol cp3cols\">\n<h4 class=\"\">Assessoria Cont\u00e1bil e Agr\u00edcola<\/h4>\n<p class=\"\">Assessoria completa na \u00e1rea cont\u00e1bil, compreendendo demonstra\u00e7\u00f5es, an\u00e1lises, diagn\u00f3sticos e progn\u00f3sticos expressos sob a forma de relat\u00f3rios, pareceres e outros meios para apoio a tomada de decis\u00e3o.<\/p>\n<\/div>\n<div class=\"features-coloured-icon-boxes-featurecol cp3cols\">\n<h4 class=\"\">Assessoria Fiscal\/Tribut\u00e1ria<\/h4>\n<p class=\"\">Assessoria nas \u00e1reas de ICMS, IPI, PIS, COFINS, SIMPLES e ISS. Escritura\u00e7\u00e3o dos Livros Fiscais legalmente exigidos. Impostos e Contribui\u00e7\u00f5es peri\u00f3dicas, provenientes da Escrita Fiscal.<\/p>\n<\/div>\n<div class=\"features-coloured-icon-boxes-featurecol cp3cols\">\n<h4 class=\"\">Assessoria Societ\u00e1ria<\/h4>\n<p class=\"\">Elabora\u00e7\u00e3o de contratos sociais em conformidade com a legisla\u00e7\u00e3o vigente. An\u00e1lise para melhor enquadramento da empresa. Abertura e regulariza\u00e7\u00e3o de empresas e altera\u00e7\u00e3o de raz\u00e3o social, objetivo social\u00a0entre outros.<\/p>\n<\/div>\n<div class=\"features-coloured-icon-boxes-featurecol cp3cols\">\n<h4 class=\"\">Assessoria de Pessoal<\/h4>\n<p class=\"\">Aux\u00edlio nos processos de admiss\u00e3o e rescis\u00e3o de funcion\u00e1rios, folha de pagamento, contrato de trabalho e registros do empregador de acordo com a legisla\u00e7\u00e3o vigente.<\/p>\n<\/div>\n<\/div>\n<\/div>\n<\/div>\n<div id=\"njcdgcofcbnlbpkpdhmlmiblaglnkpnj\"><\/div>\n<div id=\"icpbravoaccess_loaded\"><\/div>\n","protected":false},"excerpt":{"rendered":"<p>Assessoria Cont\u00e1bil e Agr\u00edcola Assessoria completa na \u00e1rea cont\u00e1bil, compreendendo demonstra\u00e7\u00f5es, an\u00e1lises, diagn\u00f3sticos e progn\u00f3sticos expressos sob a forma de relat\u00f3rios, pareceres e outros meios para apoio a tomada de decis\u00e3o. Assessoria Fiscal\/Tribut\u00e1ria Assessoria nas \u00e1reas de ICMS, IPI, PIS,<\/p>\n","protected":false},"author":1,"featured_media":0,"parent":0,"menu_order":0,"comment_status":"closed","ping_status":"closed","template":"","meta":{"footnotes":""},"class_list":["post-31","page","type-page","status-publish","hentry"],"_links":{"self":[{"href":"https:\/\/bertoldocontabilidade.com.br\/index.php\/wp-json\/wp\/v2\/pages\/31","targetHints":{"allow":["GET"]}}],"collection":[{"href":"https:\/\/bertoldocontabilidade.com.br\/index.php\/wp-json\/wp\/v2\/pages"}],"about":[{"href":"https:\/\/bertoldocontabilidade.com.br\/index.php\/wp-json\/wp\/v2\/types\/page"}],"author":[{"embeddable":true,"href":"https:\/\/bertoldocontabilidade.com.br\/index.php\/wp-json\/wp\/v2\/users\/1"}],"replies":[{"embeddable":true,"href":"https:\/\/bertoldocontabilidade.com.br\/index.php\/wp-json\/wp\/v2\/comments?post=31"}],"version-history":[{"count":14,"href":"https:\/\/bertoldocontabilidade.com.br\/index.php\/wp-json\/wp\/v2\/pages\/31\/revisions"}],"predecessor-version":[{"id":172,"href":"https:\/\/bertoldocontabilidade.com.br\/index.php\/wp-json\/wp\/v2\/pages\/31\/revisions\/172"}],"wp:attachment":[{"href":"https:\/\/bertoldocontabilidade.com.br\/index.php\/wp-json\/wp\/v2\/media?parent=31"}],"curies":[{"name":"wp","href":"https:\/\/api.w.org\/{rel}","templated":true}]}}